.
13
Calculate the greatest common divisor of 338 and 8957.
169
What is the greatest common divisor of 194 and 2619?
97
Calculate the highest common factor of 1162 and 28.
14
What is the highest common factor of 984 and 168?
24
What is the highest common factor of 135 and 1377?
27
Calculate the highest common factor of 127 and 4.
1
Calculate the highest common factor of 4 and 356.
4
Calculate the highest common factor of 42 and 966.
42
What is the greatest common divisor of 45 and 9?
9
What is the highest common divisor of 2842 and 98?
98
Calculate the greatest common divisor of 3828 and 33.
33
Calculate the highest common divisor of 99 and 9.
9
Calculate the greatest common factor of 4753 and 485.
97
What is the highest common divisor of 1734 and 510?
102
What is the highest common divisor of 21 and 147?
21
What is the greatest common factor of 595 and 165?
5
Calculate the greatest common factor of 332 and 12.
4
Calculate the greatest common divisor of 19 and 1577.
19
What is the greatest common divisor of 1360 and 782?
34
What is the greatest common factor of 350 and 50?
50
What is the highest common factor of 88 and 1298?
22
What is the greatest common divisor of 72 and 64?
8
What is the highest common divisor of 26 and 104?
26
Calculate the highest common divisor of 4 and 134.
2
What is the highest common divisor of 1310 and 10?
10
What is the highest common factor of 126 and 168?
42
Calculate the greatest common divisor of 8 and 1368.
8
What is the highest common divisor of 649 and 319?
11
What is the greatest common divisor of 2828 and 308?
28
Calculate the greatest common divisor of 3007 and 97.
97
Calculate the greatest common divisor of 195 and 15.
15
Calculate the highest common divisor of 560 and 3584.
112
Calculate the greatest common divisor of 130 and 585.
65
What is the greatest common factor of 15 and 815?
5
Calculate the greatest common factor of 1122 and 66.
66
Calculate the highest common factor of 1065 and 15.
15
Calculate the highest common divisor of 5369 and 1003.
59
What is the greatest common factor of 253 and 440?
11
What is the greatest common factor of 90 and 80?
10
What is the greatest common factor of 1884 and 9?
3
Calculate the highest common divisor of 33 and 44.
11
What is the greatest common factor of 780 and 12740?
260
What is the highest common factor of 24 and 13704?
24
What is the greatest common factor of 1974 and 42?
42
Calculate the highest common divisor of 19 and 19.
19
What is the highest common divisor of 265 and 5?
5
What is the greatest common divisor of 64 and 288?
32
What is the highest common factor of 32 and 3104?
32
What is the greatest common divisor of 12 and 1256?
4
What is the greatest common divisor of 208 and 8632?
104
What is the highest common divisor of 68 and 18037?
17
Calculate the greatest common divisor of 56 and 40.
8
Calculate the highest common divisor of 108 and 162.
54
Calculate the highest common factor of 160 and 38480.
80
Calculate the greatest common divisor of 280 and 175.
35
What is the greatest common divisor of 66 and 154?
22
What is the highest common divisor of 2275 and 1456?
91
What is the highest common factor of 341 and 31?
31
Calculate the greatest common factor of 3156 and 12.
12
Calculate the greatest common factor of 2149 and 7.
7
Calculate the greatest common factor of 3034 and 518.
74
What is the greatest common divisor of 8 and 2264?
8
Calculate the highest common divisor of 1035 and 138.
69
Calculate the highest common factor of 1883 and 7.
7
Calculate the greatest common divisor of 364 and 455.
91
Calculate the greatest common divisor of 84 and 48.
12
Calculate the highest common divisor of 17 and 17.
17
Calculate the greatest common divisor of 4 and 512.
4
Calculate the greatest common divisor of 970 and 5.
5
What is the greatest common divisor of 30 and 435?
15
Calculate the greatest common factor of 252 and 12.
12
What is the highest common factor of 12500 and 4?
4
What is the greatest common factor of 896 and 2432?
128
What is the greatest common divisor of 363 and 1936?
121
What is the greatest common factor of 63 and 1575?
63
What is the greatest common divisor of 175 and 49?
7
What is the highest common divisor of 207 and 6?
3
What is the greatest common factor of 36 and 276?
12
What is the greatest common factor of 20 and 2810?
10
What is the greatest common factor of 3649 and 656?
41
What is the highest common factor of 407 and 3811?
37
What is the greatest common factor of 8881 and 83?
83
Calculate the greatest common divisor of 22 and 242.
22
What is the highest common divisor of 3509 and 29?
29
What is the highest common factor of 41 and 3116?
41
Calculate the greatest common factor of 434 and 1240.
62
What is the greatest common divisor of 1412 and 4?
4
What is the highest common factor of 56 and 200?
8
What is the highest common divisor of 396 and 162?
18
What is the highest common factor of 10 and 30?
10
What is the highest common divisor of 47 and 235?
47
What is the highest common divisor of 639 and 9?
9
Calculate the greatest common factor of 42 and 1608.
6
What is the greatest common divisor of 4072 and 8?
8
What is the highest common divisor of 92 and 920?
92
Calculate the highest common divisor of 28790 and 10.
10
What is the highest common divisor of 43 and 129?
43
What is the highest common divisor of 121 and 33?
11
What is the highest common divisor of 639 and 36?
9
Calculate the greatest common factor of 16 and 80.
16
What is the highest common factor of 98 and 350?
14
Calculate the highest common divisor of 480 and 96.
96
What is the highest common divisor of 81 and 1593?
27
What is the highest common divisor of 104 and 53144?
104
What is the highest common divisor of 897 and 429?
39
What is the highest common divisor of 150 and 35?
5
What is the greatest common divisor of 4526 and 62?
62
What is the greatest common divisor of 14 and 3?
1
Calculate the highest common divisor of 492 and 6068.
164
What is the highest common divisor of 20 and 2560?
20
What is the highest common factor of 2720 and 17?
17
Calculate the highest common divisor of 6251 and 133.
133
What is the greatest common factor of 301 and 287?
7
What is the greatest common factor of 2080 and 1120?
160
Calculate the greatest common divisor of 1050 and 450.
150
Calculate the highest common divisor of 168 and 1624.
56
Calculate the highest common factor of 1152 and 936.
72
Calculate the greatest common factor of 440 and 140.
20
What is the greatest common factor of 315 and 245?
35
What is the greatest common divisor of 210 and 6405?
105
What is the greatest common divisor of 13 and 351?
13
Calculate the highest common factor of 3 and 6.
3
What is the highest common factor of 161 and 736?
23
Calculate the highest common divisor of 153 and 68.
17
Calculate the highest common divisor of 896 and 28.
28
What is the highest common factor of 48 and 204?
12
What is the highest common factor of 598 and 345?
23
What is the greatest common divisor of 2990 and 1840?
230
Calculate the greatest common factor of 20 and 30.
10
What is the greatest common divisor of 630 and 70?
70
Calculate the greatest common factor of 7777 and 77.
77
What is the highest common divisor of 126 and 28?
14
Calculate the highest common factor of 368 and 138.
46
Calculate the highest common divisor of 28 and 70.
14
What is the highest common factor of 7957 and 327?
109
Calculate the highest common divisor of 288 and 32.
32
What is the greatest common divisor of 219 and 9?
3
Calculate the highest common divisor of 330 and 30.
30
Calculate the highest common factor of 105 and 385.
35
Calculate the highest common divisor of 1 and 349.
1
What is the greatest common factor of 725 and 1305?
145
Calculate the highest common divisor of 7271 and 22.
11
Calculate the highest common divisor of 3906 and 28.
14
What is the greatest common factor of 3755 and 5?
5
Calculate the greatest common divisor of 10 and 425.
5
What is the greatest common factor of 2006 and 472?
118
Calculate the highest common divisor of 64 and 576.
64
Calculate the highest common factor of 498 and 6.
6
Calculate the greatest common divisor of 96 and 12.
12
Calculate the greatest common factor of 36 and 52.
4
Calculate the highest common d